Suppose -2*l + 4*u + 7 - 63 = 0, 3*u + 39 = -3*l. Let t = -9 - l. What is the units digit of t - (-3 + 2)/(-1)?
8
Let o = 18 + -11. What is the units digit of o?
7
Suppose 0 = -2*n + 8. Suppose n*t = 4*s - t - 12, s - t = 3. Let d(x) = x**3 - 3*x**2 + 4. What is the units digit of d(s)?
4
Let y be 2/3*(-60)/8. Let o(c) = c**3 + 6*c**2 + 4*c. What is the units digit of o(y)?
5
Suppose 3*x - 5*n + 270 = 1078, 4*x = n + 1066. What is the tens digit of x?
6
Let p(h) = 2*h**3 + 8*h**2 - 5*h - 8. Let z(g) = -5*g**3 - 17*g**2 + 11*g + 17. Let t(o) = -7*p(o) - 3*z(o). What is the tens digit of t(5)?
1
Let t = -4 - -35. What is the units digit of t?
1
Let q be (4/(-2))/((-2)/(-10)). Suppose -d + 16 = -2*d. Let k = q - d. What is the units digit of k?
6
Suppose 0 = 3*c + c - 56. Let i = -8 + c. What is the tens digit of 15 + (-1)/2*i?
1
Let z = -181 + 279. What is the tens digit of z?
9
Suppose -2*c + 66 = -518. What is the units digit of c?
2
Let d = -6 - -15. What is the units digit of d?
9
Let x = 22 + -20. Suppose -x*m + 2*k + 36 = -0*k, 2*m - 4*k = 42. What is the tens digit of m?
1
Let r = -7 - -11. Suppose 5*f + r = 29. Let i = f + -2. What is the units digit of i?
3
Let f(w) = 3*w**2. Suppose -3 = 2*c + 1. Let l be f(c). Suppose a + 7*s - 3*s = 4, 0 = -3*a - 2*s + l. What is the units digit of a?
4
Suppose 3*z - 40 = 5*z - 4*v, 3*z = -v - 32. Let m = z + 22. What is the tens digit of m?
1
Suppose i + 4*j - 15 = 0, i = -0*j - j + 9. What is the units digit of i?
7
Let r = 28 + -13. What is the tens digit of r?
1
Suppose 3*z - 5*y + 135 = 0, 3*y = -4*z + 12 - 192. Let o = 25 + z. Let m = -9 - o. What is the units digit of m?
1
Let w = 19 + -39. Let s = 57 + w. What is the tens digit of s?
3
Let a(o) = 4*o**2 + 2*o - 2. What is the units digit of a(-4)?
4
Let f = 199 + -3. What is the tens digit of f?
9
Suppose 0 = -g - 5*a + 12 - 2, 4*g + 2*a - 40 = 0. Let v = 20 - g. What is the units digit of v?
0
Suppose 2*d = 3*d - 28. Let f = d - 14. What is the tens digit of f?
1
Let g = 33 + -21. What is the tens digit of g?
1
Suppose 353 = 3*a + 4*l - 5*l, -4*a + 3*l = -474. What is the hundreds digit of a?
1
Let a = -72 - -114. What is the units digit of a?
2
Let m be (-196)/70 - 4/(-5). Let c = m - -49. What is the tens digit of c?
4
Let c(n) = n**3 + 7*n**2 - 2*n - 10. Let b be -8 + 0 + (-1)/(-1). Let k be c(b). Suppose 42 - 6 = k*i - 2*h, 3*h = -6. What is the units digit of i?
8
Suppose -1 = 4*f - 73. Suppose -4*l - z - f = -5*l, -3*l = -z - 44. What is the units digit of l?
3
Let k = 9 + -11. Let l = 11 + k. What is the units digit of l?
9
Let k(j) = -j**3 + 11*j**2 - 6*j - 23. What is the tens digit of k(9)?
8
Suppose 9 + 6 = -3*c. Let x(d) = d. Let u(y) = -y - 1. Let s(h) = c*x(h) - 4*u(h). What is the units digit of s(-3)?
7
Suppose -5*t + 0*a + 14 = 4*a, 4*t = -2*a + 10. Suppose -l + t*o - 6*o - 16 = 0, l - 19 = 3*o. Suppose 44 = l*c - 0*c. What is the units digit of c?
1
Suppose -w + 3*p = -28, -2 = -4*p + 3*p. Let u = -1 + 3. Suppose u*t + 2*t - 5*o - 27 = 0, 0 = 4*t + 2*o - w. What is the units digit of t?
8
Suppose 4*q + 80 = 9*q. What is the tens digit of q?
1
Let y be (-6)/2 + (2 - -5). Suppose y*h + 2*t + 10 - 84 = 0, -3*h = -t - 63. What is the tens digit of h?
2
Let k be 2*1*(-9)/6. Let a = k + 6. Let u = 1 + a. What is the units digit of u?
4
Let l be 2*(2 + 1 + -1). Suppose l = m + m. What is the units digit of 61/4 + m/(-8)?
5
Suppose 2*q + 117 = 399. What is the units digit of q?
1
Let r = 55 - -17. What is the tens digit of r?
7
Let a = 85 - 37. What is the tens digit of a?
4
Suppose 23 = 5*f - 72. Let b = f - 9. What is the tens digit of b?
1
Suppose -2*c = -0*c - 24. Suppose 0 = -j - j + c. What is the units digit of j?
6
Let z(j) = -j + 14. Let f be z(8). Let q = f - 3. Suppose 3*o - q = -3*y - y, o + 4*y - 1 = 0. What is the units digit of o?
1
Suppose 3*v = 10 + 59. Let x = 40 - v. Let g = 24 - x. What is the units digit of g?
7
Suppose -5*t + t - 5*b = -12, 0 = -5*t + 5*b + 15. Suppose -15 = -2*i - t*i. What is the units digit of i?
3
Suppose h - 28 = -3*h. Let o be 3/(h/2 + -2). What is the units digit of (52/8)/(1/o)?
3
Suppose 6*v - 2*v + 4*f = 452, 12 = 4*f. What is the units digit of v?
0
Let k be (-2)/(2/33*3). Let y(v) = v**3 + 11*v**2 + 13. What is the tens digit of y(k)?
1
Suppose 12 = 3*o, -c + 4*o = 3*c + 16. Let n = c + 1. Let k = n - -2. What is the units digit of k?
3
What is the tens digit of (-3 + 0 + 4)*15?
1
Suppose 0 = 4*l + r - 11, -3*l + 0*r = -2*r. Suppose -l*g - 1 = -5. Suppose -j - j = -g*y + 2, -3*y = -4*j. What is the units digit of y?
4
Let o(j) = 9*j + 13. Let t be o(7). Suppose 6*s = 2*s + t. What is the units digit of s?
9
What is the hundreds digit of (104/(-3))/(((-58)/12)/29)?
2
Suppose 4*d = 4*f + 107 - 3, 5*f + 76 = 3*d. Suppose -3*j = d + 9. Let w = j + 22. What is the units digit of w?
0
Let d = -1 - -5. Suppose -4*f = -0*f - d. What is the units digit of f?
1
Suppose -4*j + 5*o = 26, -5*j - 18 = -2*j - 3*o. What is the units digit of (-74)/(j/6*3)?
7
Let d(c) = c**3 - 10*c**2 - 11*c + 4. Let x be d(11). Suppose x*j + 15 - 79 = 0. What is the units digit of j?
6
Let r be 0*(0 + (-2)/(-4)). Suppose 4 = 4*h - v, r = -4*h - 3*v - 5 + 25. What is the units digit of h?
2
Let c = 2 + -7. Let p = 8 + c. Suppose -7 = p*n - 28. What is the units digit of n?
7
Let u(t) = 15*t - 5. Let z be u(7). Suppose -z = -4*r - r. Suppose -2*c = -2*a - r, c - 10 = 3*a - 2. What is the units digit of c?
1
Let b be -2*2/((-4)/5). Suppose 3*q - 15 = 0, b*p - q = -0*q + 35. What is the units digit of p?
8
Suppose -5*u + 6 = -0*u + 3*o, 0 = 4*u + o - 9. Suppose -u*k + 4*f + 35 = 0, 0 = k - 0*f + 3*f - 3. What is the units digit of k?
9
Let n = 169 - 102. Let m = n - 41. Suppose 0 = 4*c - c + w - m, 3*w + 10 = 2*c. What is the units digit of c?
8
Suppose 4*j = 4*i - 8, 3*j = j. Suppose 0 = 3*f - i*f, -5*b = 3*f - 80. What is the units digit of b?
6
Suppose -5*f - 5 = 0, f - 10 = 3*w - f. What is the units digit of ((-48)/(-18))/(w/(-30))?
0
Let y(v) = -2*v + 4. Suppose -19 - 6 = 5*m. What is the units digit of y(m)?
4
Let p = -2 - -5. Suppose 0 = p*f - 2*f - 8. What is the units digit of f?
8
Let j(r) = 81*r + 2. What is the units digit of j(3)?
5
Suppose -4 = -4*f + 4. Suppose m = -f*m + 3. What is the units digit of m?
1
Let z(u) = 18*u + 3. Let v be z(-2). Let a = -12 - v. What is the units digit of a?
1
Suppose -2*y - 5*i - 16 = -0, 4*y = 3*i + 20. What is the units digit of y?
2
Let r(m) = m**2 - 6*m + 7. Let s be r(5). Let q = s + 10. Suppose q = -2*n + 5*n. What is the units digit of n?
4
Let n be 416/12*(-6)/4. Let c = -29 - n. What is the units digit of c?
3
Suppose 0 = 2*v - 5*a - 24, -5*v + 0*a + 2*a + 18 = 0. Let y(h) = -h**2 + h + 2*h + 2 + 2*h**v. What is the units digit of y(-4)?
6
Let s(r) = -2*r + 4. Let n(o) = -2*o**2 - 3*o + 3. Let d be n(-3). What is the tens digit of s(d)?
1
Suppose 3*m + v = 3, -m + 3*v + 17 = -2*v. Suppose 0 = 2*k + 5 - 13. Suppose 3*c - m = k. What is the units digit of c?
2
What is the units digit of 12/(4 - -471*5/(-600))?
0
Let o(g) = -11*g + 3. What is the units digit of o(-3)?
6
Let t(b) be the third derivative of b**6/120 + 2*b**5/15 + 7*b**4/24 + b**3 - 9*b**2. What is the tens digit of t(-6)?
3
Suppose -2*j + 5*o + 10 = 0, j + 2*o = -3*o - 25. Let y be 3/(-3) - 2 - j. Suppose -n = y*n - 51. What is the tens digit of n?
1
Let l(b) = -3*b + 1. Let o be l(-1). Suppose 0 = -o*s + 2*s - 4, -m - s = -7. What is the units digit of m?
9
Let i = -2 - -7. Suppose 5*o = 5*j + 15, -i*o = 4*j - 17 - 7. Let v(f) = 2*f**2 + 1. What is the units digit of v(j)?
3
Let h(v) = -v**3 - 6*v**2 + 7*v + 2. Let k(w) = w - 14. Let s be k(7). What is the units digit of h(s)?
2
Suppose 0*l - 3*l = -33. Suppose 5*f + l = 56. What is the units digit of f?
9
Suppose -5*r + 512 = -313. What is the hundreds digit of r?
1
Let x(k) = k**3 - 2*k**2 + 2. Let y be x(2). Suppose j + y = 11. What is the units digit of j?
9
Suppose 0 = -3*t - 1 + 7. Suppose -7*d = -t*d + 145. Let p = -19 - d. What is the tens digit of p?
1
Let s = 15 - 9. Suppose s = -0*m + 3*m. What is the units digit of m?
2
Suppose 7*i - 3*i = 16. Suppose i - 6 = -c. What is the units digit of c?
2
What is the units digit of 1/((4/(-1))